
Let a(r) be the third derivative of -r**6/120 + r**5/15 - 5*r**4/24 + r**3/3 - 52*r**2. Suppose -5*u - f + 25 = f, -u - 12 = -3*f. Calculate a(u).
-4
Let l = -404 - -404. Let w(h) = 12 + l - 190*h + 90*h + 99*h. Calculate w(8).
4
Suppose 54*c + 2*h + 36 = 50*c, -5*h - 30 = 0. Let x(r) = r**2 + 7*r. What is x(c)?
-6
Let j(d) = -d**3 - 11*d**2 - 2*d - 27. Let b be j(-11). Let u be 14/b - 2 - 8/40. Let i(p) = 2*p - 2. Calculate i(u).
-12
Let o(b) = 9*b - 25. Let r(i) = -37*i + 97. Let d(l) = 17*o(l) + 4*r(l). Give d(0).
-37
Let b(u) be the first derivative of -u**2/2 + 10*u + 27. Let x(i) = 2*i - 18. Let v be x(13). Calculate b(v).
2
Let b(w) = 9*w**2 + 438*w - 146. Let n be b(-49). Let i(x) = 10*x**2 + 2*x - 3. Give i(n).
9
Let v(o) = o**3 + 6*o**2 - 1. Let l = 852 + -604. Suppose -245*f = -l*f - 18. Give v(f).
-1
Let y be (-2)/(-3*14/21). Let a(p) = 66*p**2 + p - 1. Give a(y).
66
Suppose 45*d = -2*o + 48*d - 27, 5*o + 25 = -d. Let f(p) = 2*p + 1. Calculate f(o).
-11
Let q(k) = -8*k**3 - 13*k**2 - 88*k + 14. Let o(w) = -9*w**3 - 13*w**2 - 102*w + 14. Let z(a) = -6*o(a) + 7*q(a). What is z(-6)?
2
Let p(q) = q + 30. Let m(l) = -2*l**2 - 27*l - 27. Let r be m(-9). Let y be -6 + (-25)/((-225)/r). Determine p(y).
30
Let o(l) be the second derivative of 1/3*l**3 + 74*l - 3/2*l**2 + 0. Determine o(3).
3
Let s(v) = -5*v**3 - 9*v**2 - 33*v - 2. Let x(w) = -3*w**3 - 5*w**2 - 18*w - 2. Let z(p) = 4*s(p) - 7*x(p). Determine z(4).
30
Let z(w) = w**2 + 14*w + 43. Let s be z(-5). Let g(j) = 16*j - 10. Calculate g(s).
-42
Let a be (24/(-9))/(-4) - 20/(-15). Let l(q) = 11*q**2 + a*q + 20*q**2 - 35*q**2 - q**3 + 2. Let s = 362 + -365. What is l(s)?
-13
Let o(l) be the third derivative of 0 - 101*l**2 + 0*l + 1/6*l**4 - 1/6*l**3. Let x(r) = -r**3 - 9*r**2 + r + 8. Let k be x(-9). Determine o(k).
-5
Let x(c) = 3*c + 12. Let r = 3706 + -3692. Determine x(r).
54
Let b(w) = -67*w + 329. Let l = 2483 + -2478. What is b(l)?
-6
Suppose -12 + 0 = 3*u. Let q be 3/(u/2 - -3). Let f(x) = -29*x + 16*x + 14*x - q. Calculate f(-4).
-7
Let m = 8 - 8. Suppose m = o + 4*o - 10. Let u(i) = 5*i**2 - 4*i - 5 + 2 + 5. Calculate u(o).
14
Let n(x) = -x**3 + 7*x**2 + 11*x - 36. Let i(q) = 4*q**3 - 29*q**2 - 47*q + 137. Let g(t) = -4*i(t) - 15*n(t). What is g(13)?
-47
Let s = 7 + -12. Let w(u) = -52*u + 80. Let p(d) = -7*d + 10. Let y(z) = 15*p(z) - 2*w(z). Give y(s).
-5
Let d(l) be the first derivative of 12*l - 7*l**2 + 161 + 1/3*l**3. What is d(14)?
12
Let x = -3643 - -3657. Let m(i) = i - 12. What is m(x)?
2
Let g(u) = -1736*u + 26. Let b(o) = 517*o - 9. Let a(p) = 10*b(p) + 3*g(p). Give a(5).
-202
Suppose 0 = 15*r - 13*r - 12. Let w(i) be the first derivative of 7*i - 6 + 1/2*i**2. Determine w(r).
13
Let c(h) be the second derivative of -7/2*h**2 + 0 + 1/2*h**3 + 69*h. What is c(-5)?
-22
Suppose 3*x - 24*x + 63 = -0*x. Let j(z) = z**3 + z**2 + z. Determine j(x).
39
Let m(p) = 6*p**2 + 3*p**2 - p**3 - 5 + 12 - 8*p. Let q(r) = -7*r**3 - r**2 - 4*r - 2. Let a be (-38)/57*(-6)/(-4). Let k be q(a). Calculate m(k).
7
Let a(x) = 23*x - 24*x + 6331 - 6321. Let g(c) = -c**2 - 6*c - 5. Let o be g(-5). Give a(o).
10
Let k(n) be the third derivative of -3*n**6/20 - n**4/8 + n**3/3 - 43*n**2. Determine k(1).
-19
Let s(d) = 2*d**3 - 3*d**2 + d - 4. Let k = -4802 - -4806. What is s(k)?
80
Suppose 0 = -2*l - 3 - 1. Let u(w) be the second derivative of 2/3*w**3 + 1/12*w**4 + 3/2*w**2 - 4*w + 11. Calculate u(l).
-1
Let b(x) = 78*x - 225. Let f(p) = 32*p - 87. Let r(o) = 5*b(o) - 12*f(o). Give r(11).
-15
Let q be ((-66)/(-4) + 0)*48/72. Suppose q*r - 4*r = 21. Let b(l) = 12 - 18 + l**2 + 8*l**2 - l + 10*l + l**r. Calculate b(-8).
-14
Let o be (-210)/28 + (-209)/(-19). Let a(d) be the second derivative of o*d**2 - 8*d - 2 + 1/6*d**3. Give a(0).
7
Let r(t) = 2*t - 25*t**2 - 1 - 3*t**2 + 7*t**2 + 12*t**2 + 8*t**2. Let v(i) = -i**3 - 5*i**2 - 6*i - 3. Let q be v(-4). Give r(q).
-16
Let s(z) = z**2 - 8*z + 4. Let j(o) = -2*o**2 - 2*o + 2. Let r be j(-3). Let i be -4 + (-5)/r*16. What is s(i)?
-12
Suppose 4*a - 17 = -w, -2*w = -5*a + 2*w - 5. Suppose 0 = 8*x - 6*x - 8. Let b(k) = -12*k**2 - 5*k + x + 26*k**2 - 12*k**2. What is b(a)?
7
Let t(m) = -m**3 + 11*m**2 - 4*m + 3. Let v = -232 + 229. Let r(i) = -i**2 + i + 2. Let p(x) = v*r(x) - t(x). What is p(8)?
-1
Let h(q) = -4*q - 86. Let y be (-19 - 0 - -20)/(2 + 43/(-21)). Give h(y).
-2
Suppose 14*v - 300 = -v. Let i be (-4 - (-24)/v)/((-1)/(-5)). Let z be (60/(-70))/(2/i). Let g(a) = a**2 - 6*a - 6. What is g(z)?
-6
Let f(z) = z**2 - 15*z - 12. Let i be f(16). Let w(u) = -4*u - i*u - 4*u + 2. Let c = 1950 - 1948. Calculate w(c).
-22
Let o(q) = q**3 + 39*q - 83*q - 3 + 7*q**2 + 43*q. Suppose 0 = 35*p - 30*p + 35. Determine o(p).
4
Let x(q) = 4*q**2 - 5*q**3 + 7*q**3 - 3*q**2 + 4 - 2 + 2*q**2 + q. Suppose 4*p + 26 = 18. What is x(p)?
-4
Suppose 42 = -2*v + 4*c, -2*c = v - 5*c + 29. Let o(m) = 10*m**2 + 56*m + 16. What is o(v)?
-14
Let g(p) = 12*p**2 - 3*p - 2. Let m be g(-1). Let x(u) = 2*u**2 - 27*u - 7. Give x(m).
-20
Let l(m) = -2*m. Let g = -2757 - -2749. Determine l(g).
16
Let g = -6 + 8. Let l(c) = -c**2 - 1133 - 1139 + 0*c + 2274 - c. Determine l(g).
-4
Let f be (3 - (-420)/(-132))/(-4*2/44). Let l(z) be the second derivative of z**4/3 + z**2/2 - z. Calculate l(f).
5
Let p(w) = 34*w**3 - 32*w**2 + 13*w + 11. Let f(v) = -14*v**3 + 15*v**2 - 7*v - 5. Let a(j) = 5*f(j) + 2*p(j). What is a(4)?
9
Let y(j) be the first derivative of 26 + 64*j**2 - 3*j + 0*j - 62*j**2 + 6*j. Determine y(6).
27
Let j(x) = 12*x - 44. Let a(h) = 6*h - 25. Let o(v) = 5*a(v) - 3*j(v). Determine o(9).
-47
Let w = 66 - 54. Let h(d) = w*d**2 + 10*d**2 - 26*d**2. Calculate h(1).
-4
Let m(a) = 4*a**2 - 26*a + 41. Let p be m(4). Let r(w) be the first derivative of 10*w**3/3 - 205. Determine r(p).
10
Let i(h) = -h**3 + h. Let u(p) = p. Let x(g) = 4*g**2 - 5*g + 2. Let w be x(1). Let q(f) = w*u(f) - 2*i(f). Calculate q(-1).
-1
Let p(k) be the second derivative of k**5/20 + k**4/12 - k**3/2 - 3*k**2/2 - 63*k - 6. Give p(-1).
0
Let l(f) be the second derivative of -f**5/10 - f**4/3 + f**3/3 + 3*f**2/2 - 192*f + 1. Suppose 4*g + 5 = -7. Give l(g).
15
Let n = 3477 - 3489. Let i(g) = -g**2 - 12*g + 10. Calculate i(n).
10
Let q(f) = 15*f**2 - 117*f - 15. Let w be q(8). Let h(k) = 2*k - 12. What is h(w)?
6
Suppose 23*b = 111*b. Let q(u) be the third derivative of 21*u**2 + 0 + 1/3*u**3 - 1/12*u**4 + b*u. What is q(-5)?
12
Let w(b) = -2*b**2 + 10*b + 1. Let q(i) = i**3 - 32*i**2 + 4*i + 89. Let p be q(32). Let f = p + -210. Calculate w(f).
-27
Let r = -5147 + 5118. Let g(q) = 2*q + 66. What is g(r)?
8
Let g be ((-308)/539)/(9/(-7) + 1). Let q(y) = -54*y - 3. Calculate q(g).
-111
Let d(k) be the second derivative of -7*k**3/6 - 69*k**2/2 + 10983*k. Calculate d(-16).
43
Let r(s) = s**2 - 24*s + 5. Let q be r(24). Let x(a) = 60 - 61 - q*a - 3*a. Give x(-2).
15
Let m = 46631 - 46638. Let h(g) = -7*g - 1 + 10 - g**2 + 0*g. What is h(m)?
9
Let k(x) = x**3 - 5*x**2 + 3*x - 1. Let j(l) = -5*l + 1. Let u be j(-5). Suppose -u = 5*p - 251. Suppose p = 6*n + 15. Give k(n).
14
Let v(j) = -j - 2. Let n(q) = q**2 - 2*q + 2. Let y be n(2). Let m be (-1)/(-4 + y + 0)*-6. Let a(z) = -z**3 - 5*z**2 - 10*z - 7. Let t be a(m). Determine v(t).
-7
Let s(z) = -z**3 - z**2 + z - 1. Suppose 0 = 4*x + 20, 392 = 15*a - 11*a - 4*x. Let h be 5/25 - (a/15 + 0). Let j be 1 - (h/(-9) + 1/3). Determine s(j).
-1
Let b be 7 + (-3 - -4) + -6. Let q(h) = -6 + 2*h - 3*h + 4*h + h**b + 2*h. Give q(-7).
8
Let x(v) = v**2 + 2. Let j(l) = 6*l - 3. Let i be j(-1). Let k = -5 - i. Let h be ((-2)/(-2) + k/(-8))*0. Give x(h).
2
Let a(m) = m**2 - 4*m - 10. Suppose v = 196 - 187. Let z be v*(220/(-36) - -7). Determine a(z).
22
Let m(w) be the second derivative of w**3/2 - w**2/2 - 2*w. Let d = 48157 - 48151. Give m(d).
17
Let z(s) be the second derivative of s**3 + 3*s**2 + 1390*s - 2. What is z(3)?
24
Let o(l) = -l - 2. Let y be o(-6). Let c(z) be the first derivative of -3*z**2/2 + 6*z - 10476. Give c(y).
-6
Let a(h) = -h**3 + 4*h**2 + h + 5. Suppose -342 = 3*n - 0*n. Let g = 71 + n. Let p = 47 + g. Give a(p).
9
Let n(i) = -3 - 1287*i + 1283*i + 3 + 3. Let o = -36 + 39. Calculate n(o).
-9
Suppose -93*x = -31*x. Let a(n) be the second deri